when 146 is divided by 26?
16
What is the remainder when 26 is divided by 3?
2
Calculate the remainder when 4 is divided by 1.
0
Calculate the remainder when 28259 is divided by 12.
11
Calculate the remainder when 558 is divided by 89.
24
Calculate the remainder when 856 is divided by 422.
12
What is the remainder when 431 is divided by 27?
26
Calculate the remainder when 561 is divided by 279.
3
Calculate the remainder when 346 is divided by 114.
4
What is the remainder when 4856 is divided by 113?
110
What is the remainder when 102 is divided by 4?
2
Calculate the remainder when 88 is divided by 4.
0
Calculate the remainder when 1313 is divided by 20.
13
What is the remainder when 101 is divided by 11?
2
Calculate the remainder when 56 is divided by 30.
26
What is the remainder when 196 is divided by 35?
21
Calculate the remainder when 158 is divided by 74.
10
What is the remainder when 186 is divided by 66?
54
What is the remainder when 74 is divided by 19?
17
What is the remainder when 346 is divided by 167?
12
Calculate the remainder when 575 is divided by 58.
53
What is the remainder when 571 is divided by 26?
25
What is the remainder when 1897 is divided by 76?
73
Calculate the remainder when 101 is divided by 65.
36
Calculate the remainder when 402 is divided by 31.
30
Calculate the remainder when 238 is divided by 20.
18
Calculate the remainder when 699 is divided by 399.
300
Calculate the remainder when 72 is divided by 23.
3
What is the remainder when 1094 is divided by 285?
239
What is the remainder when 207 is divided by 12?
3
Calculate the remainder when 71 is divided by 30.
11
Calculate the remainder when 345 is divided by 120.
105
Calculate the remainder when 2813 is divided by 44.
41
What is the remainder when 55 is divided by 18?
1
What is the remainder when 127 is divided by 48?
31
Calculate the remainder when 1104 is divided by 21.
12
What is the remainder when 94 is divided by 50?
44
What is the remainder when 4301 is divided by 2?
1
Calculate the remainder when 251 is divided by 9.
8
Calculate the remainder when 610 is divided by 257.
96
Calculate the remainder when 71 is divided by 40.
31
What is the remainder when 7193 is divided by 38?
11
Calculate the remainder when 1564 is divided by 16.
12
What is the remainder when 125 is divided by 32?
29
Calculate the remainder when 197 is divided by 107.
90
What is the remainder when 42 is divided by 15?
12
Calculate the remainder when 7196 is divided by 96.
92
What is the remainder when 461 is divided by 113?
9
What is the remainder when 379 is divided by 95?
94
What is the remainder when 4450 is divided by 14?
12
What is the remainder when 1616 is divided by 11?
10
Calculate the remainder when 197 is divided by 66.
65
Calculate the remainder when 1161 is divided by 16.
9
What is the remainder when 405 is divided by 4?
1
What is the remainder when 211 is divided by 193?
18
Calculate the remainder when 209 is divided by 70.
69
Calculate the remainder when 475 is divided by 9.
7
Calculate the remainder when 95 is divided by 32.
31
Calculate the remainder when 1669 is divided by 278.
1
What is the remainder when 919 is divided by 78?
61
What is the remainder when 187 is divided by 2?
1
What is the remainder when 2818 is divided by 20?
18
Calculate the remainder when 76 is divided by 56.
20
What is the remainder when 6508 is divided by 283?
282
What is the remainder when 254 is divided by 37?
32
What is the remainder when 1241 is divided by 46?
45
What is the remainder when 1361 is divided by 27?
11
What is the remainder when 132 is divided by 27?
24
Calculate the remainder when 146 is divided by 21.
20
Calculate the remainder when 905 is divided by 6.
5
What is the remainder when 1227 is divided by 110?
17
Calculate the remainder when 3275 is divided by 64.
11
What is the remainder when 516 is divided by 105?
96
Calculate the remainder when 1159 is divided by 145.
144
Calculate the remainder when 183 is divided by 27.
21
What is the remainder when 1575 is divided by 98?
7
Calculate the remainder when 69 is divided by 18.
15
Calculate the remainder when 1047 is divided by 103.
17
What is the remainder when 188 is divided by 27?
26
Calculate the remainder when 19 is divided by 9.
1
Calculate the remainder when 699 is divided by 50.
49
What is the remainder when 280 is divided by 6?
4
What is the remainder when 108 is divided by 64?
44
What is the remainder when 326 is divided by 104?
14
What is the remainder when 211 is divided by 45?
31
Calculate the remainder when 40 is divided by 16.
8
Calculate the remainder when 466 is divided by 39.
37
Calculate the remainder when 155 is divided by 36.
11
Calculate the remainder when 1000 is divided by 360.
280
Calculate the remainder when 1014 is divided by 29.
28
What is the remainder when 3916 is divided by 28?
24
What is the remainder when 4341 is divided by 24?
21
Calculate the remainder when 451 is divided by 122.
85
What is the remainder when 258 is divided by 53?
46
What is the remainder when 249 is divided by 42?
39
What is the remainder when 949 is divided by 50?
49
What is the remainder when 78 is divided by 43?
35
Calculate the remainder when 974 is divided by 42.
8
Calculate the remainder when 1129 is divided by 59.
8
Calculate the remainder when 247 is divided by 62.
61
What is the remainder when 10457 is divided by 14?
13
What is the remainder when 175 is divided by 28?
7
What is the remainder when 69 is divided by 30?
9
Calculate the remainder when 336 is divided by 24.
0
What is the remainder when 2318 is divided by 265?
198
What is the remainder when 179 is divided by 60?
59
What is the remainder when 190 is divided by 22?
14
Calculate the remainder when 1014 is divided by 8.
6
What is the remainder when 124 is divided by 2?
0
What is the remainder when 249 is divided by 14?
11
Calculate the remainder when 1629 is divided by 68.
65
Calculate the remainder when 2784 is divided by 146.
10
Calculate the remainder when 29 is divided by 19.
10
What is the remainder when 43 is divided by 17?
9
What is the remainder when 437 is divided by 12?
5
Calculate the remainder when 282 is divided by 18.
12
Calculate the remainder when 4355 is divided by 44.
43
Calculate the remainder when 4660 is divided by 79.
78
What is the remainder when 1371 is divided by 451?
18
What is the remainder when 377 is divided by 27?
26
Calculate the remainder when 41 is divided by 23.
18
What is the remainder when 436 is divided by 23?
22
Calculate the remainder when 890 is divided by 9.
8
What is the remainder when 112 is divided by 26?
8
What is the remainder when 191 is divided by 116?
75
Calculate the remainder when 2535 is divided by 25.
10
What is the remainder when 110 is divided by 92?
18
Calculate the remainder when 310 is divided by 79.
73
Calculate the remainder when 984 is divided by 5.
4
What is the remainder when 4090 is divided by 256?
250
What is the remainder when 402 is divided by 81?
78
Calculate the remainder when 305 is divided by 99.
8
Calculate the remainder when 89 is divided by 31.
27
Calculate the remainder when 10655 is divided by 33.
29
What is the remainder when 433 is divided by 187?
59
Calculate the remainder when 3689 is divided by 30.
29
Calculate the remainder when 252 is divided by 60.
12
Calculate the remainder when 654 is divided by 165.
159
What is the remainder when 64 is divided by 41?
23
Calculate the remainder when 17 is divided by 6.
5
What is the remainder when 163 is divided by 24?
19
What is the remainder when 1155 is divided by 61?
57
What is the remainder when 184 is divided by 50?
34
What is the remainder when 207 is divided by 30?
27
Calculate the remainder when 175 is divided by 36.
31
What is the remainder when 89 is divided by 10?
9
What is the remainder when 1472 is divided by 185?
177
What is the remainder when 27 is divided by 17?
10
Calculate the remainder when 95 is divided by 39.
17
What is the remainder when 2329 is divided by 111?
109
Calculate the remainder when 374 is divided by 5.
4
Calculate the remainder when 1838 is divided by 132.
122
What is the remainder when 6954 is divided by 3466?
22
What is the remainder when 445 is divided by 64?
61
Calculate the remainder when 330 is divided by 8